 2. Let r be a(6). Suppose -q = -v + q + 26, r = -4*q. Let w = 30 - v. What is the greatest common divisor of w and 108?
12
Suppose 2*a - 9 - 23 = 4*r, 120 = 5*a - 2*r. What is the greatest common divisor of 39 and a?
13
Suppose 23 = j + 3*g, -4*g = 4*j + 24 - 100. Suppose k = -h + 13, 5*h - 73 = -5*k + 2*h. Calculate the highest common factor of j and k.
17
Let y be 1*2*(-11)/(-2). Suppose 5*d = 4*d + 53. Let u = d - y. Calculate the greatest common divisor of u and 14.
14
Let a(u) = 4*u**2 - 4*u + 1. Let z be a(3). Suppose 0 = -y - 4*y - z, 5*w = -y + 10. Calculate the greatest common factor of w and 9.
3
Suppose 0 = 3*x + x - 8. Suppose 0 = 4*q - 8, -5*t - x = q - 9. Let o be (-4)/(-3)*(-6)/(-4). Calculate the highest common divisor of o and t.
1
Suppose 4*k - 570 = 5*f, 0*f + 4*f + 8 = 0. What is the highest common factor of k and 20?
20
Let s be ((-15)/12)/((-6)/144). Calculate the highest common divisor of 120 and s.
30
Let d = 188 - 116. Let g = d - 44. Let n = g - 20. What is the greatest common factor of 1 and n?
1
Suppose 3*v = 2*o - 6*o + 10, -2*o + 8 = 3*v. Suppose 5*x = 25, -a - v*x = -5*a + 46. What is the highest common factor of 35 and a?
7
Let i be ((-388)/(-6))/(3/(-9)). Let a = -101 - i. Let m be a + 3 + 0 + 2. What is the greatest common divisor of 14 and m?
14
Suppose -w = -67 + 49. Calculate the highest common factor of w and 234.
18
Let s = -146 - -218. Let z(n) = -n - 2. Let m(l) = l - 1. Let o be m(-9). Let a be z(o). What is the greatest common factor of s and a?
8
Suppose 7*q - 2*q - 5*j - 45 = 0, -16 = -4*j. Suppose -3*d + 2 = -d. Let s be (15 + -2)*d*4. What is the greatest common factor of q and s?
13
Let c = -130 + 162. Let w(d) = -d**2 - 8*d - 8. Let i be w(-6). Calculate the highest common divisor of c and i.
4
Let m(k) = k + 6. Let g be m(-8). Let c be (-6 - 0)*g/3. Suppose d - 4*d + 27 = 3*q, -c*d = q + 6. What is the greatest common divisor of 126 and q?
14
Let l = -3 - -6. Suppose -4*y + y + 123 = -l*b, 0 = -2*y - 2*b + 78. Calculate the highest common factor of 10 and y.
10
Let v(q) = q**2 + q - 16. Let n be v(7). What is the greatest common factor of 30 and n?
10
Let t = -24 - -29. Suppose 3*o + 0*l - 5*l = 92, t*o + l = 200. What is the greatest common factor of o and 13?
13
Let k be (1 + -1)*2/(-4). Let y be 102 + (0 - (k + -2)). What is the greatest common divisor of y and 13?
13
Let w = 46 + -32. Suppose m + w = 2*m. Calculate the highest common divisor of m and 112.
14
Suppose 2*p - 13 = -4*t + 3*p, 4*p = -3*t - 14. Calculate the greatest common factor of t and 10.
2
Let g(l) = l**2 + 17*l + 11. Let i be g(-13). Suppose 0 = -f - 60 - 26. Let m = i - f. What is the greatest common divisor of 5 and m?
5
Let l(x) = -x**2 + x + 1. Let a(k) = -4*k - 8. Let s(c) = -a(c) - 6*l(c). Let z be s(2). What is the greatest common divisor of z and 11?
11
Let y(v) = -2*v**2 - 16*v - 4. Let m be y(-7). Calculate the greatest common factor of m and 110.
10
Let w be (-2 - -36)*(3/(-2))/(-1). Calculate the highest common divisor of w and 34.
17
Let a = 6 - 4. Let x(o) = -6*o + 2 + 0 + 4*o. Let g be x(-7). Calculate the greatest common divisor of g and a.
2
Suppose -13*m = -15*m - 530. Let f = m - -457. What is the highest common divisor of 24 and f?
24
Suppose 4*v + 0*v = 416. Calculate the highest common divisor of 13 and v.
13
Let p = -66 + 85. What is the highest common factor of p and 152?
19
Let a = -5 - -35. What is the highest common divisor of a and 30?
30
Let j(n) = n**3 + 8*n**2 + 3*n - 6. Let r be j(-7). Let z = r + -16. What is the highest common divisor of z and 48?
6
Let m(w) = -13*w - 2. Let u be m(2). Let q be (u/7)/((-2)/12). Suppose 5*n + q = 64. Calculate the highest common factor of n and 16.
8
Suppose m - 2*m = 56. Let u = m - -83. Suppose i + 6 = u. Calculate the highest common factor of i and 3.
3
Let d be 3 + (-8)/2 + -94. Let m = d - -172. Suppose -4*k + 25 = -19. Calculate the greatest common divisor of m and k.
11
Suppose 0 = -6*d + 4*d + 48. Calculate the highest common divisor of 32 and d.
8
Suppose 0 = 4*z - 18 - 14. Suppose 5*b = -4*v + z, 2*v = -3*b - 4 + 10. Let c = v + 10. Calculate the highest common divisor of 28 and c.
7
Let f = 8 - -2. What is the greatest common factor of f and 70?
10
Let g be 21/(-9)*(2 + -14). Suppose 3*r - g = 14. What is the greatest common factor of r and 7?
7
Let u be 1/(-2) - (-836)/(-8). Suppose -5*f - 15 = 5*p, -2*p - 3*p = f + 11. Let y be u/(p/(8/6)). What is the greatest common factor of y and 14?
14
Let l(v) = -v**2 + 7*v - 7. Let q be l(5). What is the greatest common factor of q and 7?
1
Let i(l) = -6*l + l + 5 - l - l**2 - 4. Let k be i(-3). What is the highest common divisor of 10 and k?
10
Suppose 2*n + 2 = 0, 4*s + 2*n + 14 = s. Let x be (-22)/s + 2/(-4). Suppose -132 = -k - k + 4*i, 0 = x*i + 5. Calculate the greatest common divisor of k and 8.
8
Let x(o) = o**2 + 3*o + 8. Let p be x(-6). Let z = 230 + -22. What is the greatest common divisor of p and z?
26
Let d be (22/(-2))/((-33)/6 - -5). Calculate the highest common divisor of 66 and d.
22
Let i be (-74)/(-14) + (-14)/49. Suppose i*g = 16 + 259. Suppose -3*p = f - 20, -2*p = -3*p + 2*f - 5. Calculate the highest common divisor of g and p.
5
Let k be -1*(0 - -2 - 11). Suppose 3 = 2*h - h. Suppose h*g = -2*g + 495. Calculate the highest common factor of g and k.
9
Let l be (-313)/(-5) + (-2)/(-5). Let n = -45 + l. Suppose -5*t = -w - 52, n = t - 3*w - w. Calculate the greatest common divisor of 20 and t.
10
Suppose t = -0*t. Suppose -5*w = v - t*v - 117, -v + 93 = 4*w. Calculate the greatest common divisor of 36 and w.
12
Let i = -162 + 171. Calculate the highest common divisor of 21 and i.
3
Let i be 2/(-7) + 1856/28. Calculate the greatest common factor of 44 and i.
22
Suppose -120 = -3*f + 2*z, -2*f - 4*z = -12 - 84. Let n be 2*3*(1 - 0). What is the greatest common divisor of f and n?
6
Let n be 0 + 3 - (-4 + 2)*3. Suppose -c = -5*c - 3*q + 246, 0 = -5*c - q + 313. What is the greatest common factor of n and c?
9
Suppose -m + 257 = i - 0*i, -3*i - 5*m + 775 = 0. Suppose d - 5*g - i = 0, -d - g + 1379 = 4*d. What is the greatest common factor of d and 25?
25
Let y = 57 + -22. Calculate the highest common factor of 14 and y.
7
Suppose t = -2*t + 69. Let n = t + -4. Suppose -d - 56 = -3*u, -5*d + n = -1. Calculate the greatest common factor of u and 8.
4
Suppose -204 = -2*w + 3*s, 4*w + s - 364 = -4*s. What is the highest common factor of w and 12?
12
Let f = -177 + 254. What is the greatest common divisor of 7 and f?
7
Let p(m) = m - 13. Let o be p(14). Calculate the highest common factor of 11 and o.
1
Let v = -18 - -28. Calculate the highest common factor of 5 and v.
5
Suppose 698 = 5*f + 2*o, 2*o + 422 = -f + 4*f. Calculate the greatest common factor of f and 20.
20
Let n be (3/2)/((-4)/16). Let v be (-1)/(-2)*(n + 12). What is the highest common factor of v and 27?
3
Let i be (-2)/(-10) - (-72)/15. Calculate the greatest common factor of 35 and i.
5
Suppose i - 2*i + 2 = 0. Suppose -108 = -5*r + i*l - 4*l, -r = 4*l - 18. What is the highest common divisor of r and 33?
11
Let b = 0 + -2. Suppose 0 = u - 3 - 4. Let p = u + b. Calculate the highest common factor of p and 1.
1
Let p be ((-88)/(-2) + 0)*(-60)/(-40). Calculate the highest common factor of 44 and p.
22
Let i(x) = x**3 - 10*x**2 + 10*x + 21. Let j be i(9). What is the highest common factor of 6 and j?
6
Let n = 137 - 57. Let q = -14 + 24. Calculate the highest common factor of n and q.
10
Let i be (15/(-4) - 3/12) + 46. Suppose -2*t + 12 = -0. What is the highest common factor of i and t?
6
Let s be (4 - 2 - -1) + 0. Suppose 4*t = 4*z + 296, 3*t - s*z - 78 = 2*t. What is the greatest common divisor of 8 and t?
8
Suppose 2*b = -m + 209, -4*m = -5*b + 348 + 181. Calculate the greatest common factor of b and 15.
15
Suppose -3*q + 3*g = -18, 0*g - 2*g = 4. Suppose 5*w = -2*z + 101, 0 = -w + q*z + 7 - 0. Calculate the greatest common divisor of 171 and w.
19
Let s be (0 - 15/(-12))*32. What is the greatest common divisor of 8 and s?
8
Suppose 0 = -12*n + 5*n + 56. Calculate the highest common factor of 20 and n.
4
Suppose -4*c + 170 = -6. What is the greatest common factor of c and 11?
11
Let i be 52/(-6)*(-45)/30. Calculate the